 = -g*d. What is the units digit of d?
2
Let c(o) = -9*o - 37. What is the units digit of c(-5)?
8
Let a = 5 + -5. Suppose a*y + 8 = -4*y. Let h = y + 3. What is the units digit of h?
1
Suppose 29 - 2 = -3*k. Let t be (k/(-4))/(1/24). Suppose -5*y - 4*l - 4 = -t, -2*y = -2*l - 2. What is the units digit of y?
6
What is the units digit of (5 - -3)/((-2)/(-1))?
4
Suppose -2*d = -d - 3. Suppose 0 = 2*m + 2*p - 22, 4*m - d = 5*p + 5. What is the units digit of m?
7
What is the tens digit of (212/8)/((-1)/(-2))?
5
Let u(s) = s**2 - 4*s + 1. What is the tens digit of u(6)?
1
Let z(x) = -x**2 + 4*x - 3. Let j be z(2). Suppose -j + 5 = 2*n. Suppose 39 = 5*s + n*t - 3*t, 3*s - 23 = t. What is the units digit of s?
8
Suppose -c + 0*c - 5*y = -12, y = 2*c - 2. Suppose c*v - 11 = 5. What is the units digit of v?
8
Let v(i) = -i**2 - 9*i - 8. Let y be v(-8). Suppose 0 = -q - y*q + 5. What is the units digit of q?
5
Suppose -19*x + 81 = -18*x. What is the tens digit of x?
8
Suppose -4*f + 4*y + 44 = -y, f - y = 12. Suppose t = -t - 22. Let l = f + t. What is the units digit of l?
5
Suppose -6*a + 20 = -112. What is the tens digit of a?
2
Let v = 106 - 62. What is the units digit of v?
4
Let w be ((-45)/(-6))/5*-6. Let b(z) = -z**2 - 10*z - 5. Let k be b(w). Suppose 3*c - 15 = 0, k*m - c = 4*c - 1. What is the units digit of m?
6
Suppose -151 = -3*w + 29. What is the units digit of w?
0
Suppose -159*h + 160*h - 121 = 0. What is the hundreds digit of h?
1
Let i = 25 - 20. What is the units digit of i?
5
Let a(c) = -c**3 - 4*c**2 + 4*c - 3. Let y be a(-5). Let b be 128/y*10/8. Suppose 0 = -4*d - 0*d + b. What is the tens digit of d?
2
Let l(f) = -f**2 - 8*f - 5. Suppose -3*a + d - 17 = 0, 3*a = -d - 11 - 14. What is the units digit of l(a)?
2
Let u(z) be the first derivative of 2*z**2 + 6*z + 1. Let x be u(-5). What is the units digit of x/77 + (-200)/(-11)?
8
Let n(u) = -3*u**3 - 27*u**2 - 30*u - 10. Let t(l) = -2*l**3 - 18*l**2 - 20*l - 7. Let r(w) = -5*n(w) + 8*t(w). What is the units digit of r(-8)?
0
Let m(b) = b - 10. Let a be m(7). Let g be -2 - ((-12)/(-2))/a. Suppose 3*p = -p - y + 15, g = 5*p - 2*y - 35. What is the units digit of p?
5
Suppose 5*b = 3*i + 17, 0*b = 4*i + 2*b + 40. Let k = 0 - i. What is the units digit of k?
9
What is the tens digit of -30*(-20)/8 - 0?
7
Let o = 41 - 29. Suppose j + 17 = 4*z, -2*j = -0*j + 3*z + o. Let c = j - -14. What is the units digit of c?
5
What is the units digit of (-2)/(-3) + 117/27?
5
Let g(v) = -16*v - 5. Let l(a) = a**2 + 12*a + 8. Let i be l(-11). What is the tens digit of g(i)?
4
Let n(o) = -o - 7. Let t be n(-10). Suppose s + 2*i = 13, 2*s - 37 = -t*s - 3*i. What is the units digit of 2 - -1 - (-10)/s?
5
Let c(g) = -2*g - 9. Let o be c(-6). Suppose -3*x + 67 = 2*i, -o*i + 35 = 2*x - 18. What is the tens digit of x?
1
Suppose -4*j + 5*u = -2*j - 100, -2*j + 128 = 2*u. What is the units digit of j?
0
Let d be 13*(-3)/9*-3. Let o = d + 5. What is the units digit of o?
8
Let w(c) = 5*c - 29. What is the tens digit of w(9)?
1
Suppose s = -1 + 12. Let n(v) = -v**3 + 4*v**2 + 4*v. Let g be n(5). Let b = s + g. What is the units digit of b?
6
Let x(l) = -l**3 - 5*l**2 + 13*l + 16. What is the tens digit of x(-8)?
0
Let j(p) = p**3 + 19*p**2 - 21*p + 15. What is the units digit of j(-20)?
5
Suppose -4*p = -2*p. Suppose 3*g + p = 42. What is the tens digit of g?
1
Suppose 200 = 2*g + 3*g. Suppose 49 = -4*t + l - 0*l, 3*t = 4*l - g. Let j = t - -20. What is the units digit of j?
8
Suppose 0 = 2*z + 2*z - 128. What is the units digit of z?
2
Let m(n) = -14*n**3 - 7*n**2 + 5*n. Let r(q) = -q**2 + q. Let o(u) = m(u) - 6*r(u). What is the units digit of o(-1)?
4
Suppose -h = 2*o + 13, 0 = h + o + 4*o + 28. Let p be 2/h*(-1 + -5). Let s = 16 - p. What is the tens digit of s?
1
Let w(g) = g**2 - 4*g - 3. Let a be w(5). Suppose 1 - 3 = -a*b. What is the units digit of (-1)/(8/10 - b)?
5
Let o = -113 - -204. What is the units digit of o?
1
Let w = 46 + -28. Suppose -4*n - 12 = -l - 3*l, 0 = 4*n + 2*l - w. Suppose 4*z = -2*m + m + 11, 5*m - n*z = 11. What is the units digit of m?
3
Let v = -65 + 23. What is the units digit of (-2)/4 - v/12?
3
Suppose 126 = 4*t - 2*t. Suppose -6 = 3*n, -4*n + 36 = -0*b + 2*b. Suppose b = s - 2*l, -4*s = -2*l - l - t. What is the units digit of s?
2
Suppose 2*g = -3*g + 25. What is the units digit of g?
5
Let q(b) = b**2 + 10*b + 9. Let g be q(-9). Let h = 6 + g. What is the units digit of h?
6
Let p(f) = -3*f - 7. Let o be p(-6). Let q(d) = d**3 - 10*d**2 - 10*d + 1. Let y be q(o). Let j = y + -6. What is the units digit of j?
6
Let q = 9 - 7. Suppose -q*h + h - 3*x + 21 = 0, -3*h = 2*x - 28. What is the units digit of h?
6
Suppose -5*z - 2*t = -30, -z - t = -5*z + 37. Suppose -2*w = 2*a + z - 0, 2*w - 5*a = -1. What is the units digit of 0*(-3)/6 - w?
3
Suppose -53*l + 56*l - 105 = 0. What is the tens digit of l?
3
Suppose 0 = -3*t + 4 - 19. Let v = -8 - t. What is the tens digit of v*5*4/(-6)?
1
Let p = 281 + -107. What is the units digit of p?
4
Suppose 2*z - 2 = -0. Let m be (z - 4)*2/(-2). Suppose 4*f + 4*n - 24 = 0, 2*f - 18 = -2*n + m*n. What is the units digit of f?
8
Suppose 4*d - 29 = -5*i + 117, 3*i = -d + 40. What is the tens digit of d?
3
Let b(k) = 2*k**2 + 16*k - 16. What is the units digit of b(-13)?
4
Let w = -4 + 29. What is the units digit of (-10)/w - (-67)/5?
3
Let w(x) = 2*x**2 - x + 0*x**2 + 2 + 0*x + 2*x**2 + x**3. What is the units digit of w(-4)?
6
Suppose -3*p - 4*i = -2*p - 5, -5*p = -3*i - 25. What is the units digit of p?
5
Let c = 147 + 145. What is the units digit of c?
2
Let z be (-57)/(-3) - (-2 - -3). Suppose z = 5*i - 2. What is the units digit of i/18 + 225/81?
3
Let p be (-6)/(-9) - (-32)/6. Suppose -36 = -5*x - p. Suppose 0 = -y - 2*y + x. What is the units digit of y?
2
Let o(p) = -p**3 + 3*p**2 + 5*p - 4. Let b be o(4). Suppose 0 = h - b*h. Let l = 2 - h. What is the units digit of l?
2
Suppose -71 = -3*i - 5*z, 5*z = -0*z - 25. Suppose -3*l = -i - 7. What is the units digit of l?
3
Let k(c) be the second derivative of 5*c**4/12 + c**2/2 - 3*c. Let p be k(1). Suppose -5*u + p = -4. What is the units digit of u?
2
Let j(r) = 2*r - r**2 + 5 + 0 + 5*r. Let f be (-2)/9 - 280/(-45). What is the units digit of j(f)?
1
Let j = 559 + -382. What is the hundreds digit of j?
1
Let j(m) = 4*m**2 + 5. Let d be j(5). Suppose w = 5*s - 4*w - d, -10 = 2*w. What is the tens digit of s?
1
Suppose -3*d + 15 = r, r + 0*r - 5*d = -25. Suppose 26 = 2*f + 3*n - 4*n, r = -3*n - 6. What is the units digit of f?
2
Let a = 96 + -61. What is the tens digit of a?
3
Let x = 496 - 276. What is the tens digit of x?
2
Suppose -83 + 14 = 3*r. What is the tens digit of (0 - -1)/(-1)*r?
2
Let b be (-2 - 5)/(1/(-2)). Let f = b + -2. What is the units digit of f?
2
Suppose 2*w - 4*w + 380 = 2*l, -8 = 4*l. What is the hundreds digit of w?
1
Suppose 5*z - 28 = -2*j, 4*j = -j - 4*z + 53. What is the units digit of j?
9
What is the units digit of (150/(-45))/(136/(-66) - -2)?
5
Let b = 26 + 1. Suppose -2*p = b - 83. What is the tens digit of p?
2
Suppose 9 = 3*g, 0*m = -2*m + g + 47. What is the tens digit of m?
2
Suppose -162 = -7*d + 4*d + o, -2*o + 226 = 4*d. Suppose 0 = 5*s - 4*v + 50, 0*s + d = -5*s + 5*v. Let w = s + 19. What is the units digit of w?
3
Let t be 2*((-44)/(-8) - 3). What is the units digit of 5 + -6 + 3 + t?
7
Let u = -12 + 32. What is the tens digit of u?
2
Let y(b) = b**3 + 4*b**2 + 1. Suppose -s - 3*o + 24 = -5*s, 3*s + 15 = 3*o. Let r = -13 - s. What is the units digit of y(r)?
1
Let p = 5 - 0. Suppose -4*y - 4*k + 36 = 0, -p*y + 5*k - 3 = -3*y. Suppose 3*t - 18 = -y. What is the units digit of t?
4
Let w be (1*-7)/(2/(-6)). Let k(n) = 6*n - 51. Let v be k(8). What is the units digit of w/2*(-2)/v?
7
Let f(o) = 6*o**2 - 16*o + 74. What is the hundreds digit of f(8)?
3
Suppose 4 = -i, 46 = b - 0*b + 3*i. Let g be (2 - 6/4)*b. What is the units digit of g/5 - (-3)/15?
6
What is the hundreds digit of ((-6)/2 - -1) + (-520)/(-5)?
1
Let l = -16 - -102. What is the tens digit of l?
8
Suppose -3*l - 7*d + 36 = -4*d, -4*d - 7 = -l. What is the tens digit of l?
1
Let p(x) = x**3 - 4*x - 1 - 2*x**3 - 3*x**2 + 2*x. Let z be p(-2). What is the units digit of 4 + (1 - (1 + 